2 = 2*q, -2*m + m + 8 = -2*q. Let d = q + 10. What are the prime factors of d?
7
Suppose v - 9 - 19 = 0. Let x = 39 - v. List the prime factors of x.
11
Let a = -7 + 13. Suppose -2*g = 4*d - 26 - 14, a = 3*g. What are the prime factors of d?
3
Suppose -2*h - 5*o + 35 = 6, 0 = -5*h - 4*o + 30. Suppose -4*u + 5*u - h = 0. What are the prime factors of u?
2
Suppose -2*u = 16 + 44. Let m = -42 - u. Let r = -6 - m. List the prime factors of r.
2, 3
Let x(m) = -38*m**3 - m - 1. List the prime factors of x(-1).
2, 19
Suppose -6*s + s + 2*d = -134, -2*s + 5*d + 41 = 0. What are the prime factors of s?
2, 7
Suppose 3*y - 351 = -2*y - 2*m, 3*y = m + 215. List the prime factors of y.
71
Let l be (-3)/((9/6)/1). Let m = l - -1. List the prime factors of -6*(-1 + (m - -1)).
2, 3
Suppose -5*l + 71 + 4 = 0. Suppose -f + l = -4*f, m + 9 = -3*f. What are the prime factors of m?
2, 3
List the prime factors of (-202)/(-22) - 6/33.
3
Suppose 0 = -3*x - 85 - 86. Let f = -26 - x. Suppose 40 = 5*t - 5*c, 2*c - 80 = -3*t - f. List the prime factors of t.
13
Let c(n) = 7*n**2 - 1. Let i be c(-1). Let g = 10 - i. Suppose -g*b + 22 = -2*b. List the prime factors of b.
11
Let c be 2*(-6)/(-4) - -1. Suppose -d - i = -38, -c*d = -4*i - 82 - 38. Suppose 3*y - d = 14. List the prime factors of y.
2
Let d be (1 - 3)*5/(-2). Suppose d*c = c. Suppose -5*k + h + 31 = 2*h, c = -2*h - 8. What are the prime factors of k?
7
Suppose -51 - 256 = -j. What are the prime factors of j?
307
Suppose 16 = -3*c + 328. What are the prime factors of c?
2, 13
Let p(y) = -y**3 - 2*y**2 - y - 2. Let x be p(-2). Let n be 0/(-6 + 2)*1. Suppose n = -x*c + 3*c - 39. List the prime factors of c.
13
Let u = -8 + 14. Let i = 12 - u. What are the prime factors of i?
2, 3
Let y(s) = -s**3 - 3*s**2 + 5*s - 5. Let c(v) = -v + 1. Let k(f) = -4*c(f) - y(f). What are the prime factors of k(-3)?
2
Let i(b) = -b**2 + 15*b + 7. Let j be i(13). Suppose -r = -0*r - j. Suppose 2*f - r = 3. What are the prime factors of f?
2, 3
List the prime factors of 108/(-8)*16/(-6).
2, 3
Let y = -59 + 112. List the prime factors of y.
53
Suppose -4*v - 8 = z - 0*z, -56 = -5*z + 4*v. Let y = z - -2. Let f = -6 + y. What are the prime factors of f?
2
Let y = 58 - 118. List the prime factors of (2/4)/((-3)/y).
2, 5
Let x be 1 + (3 - 5 - -103). Suppose -22 + x = 4*n. List the prime factors of n.
2, 5
Let x = -22 - -60. What are the prime factors of x?
2, 19
Suppose 3*n - 19 = -4*p, 0*n - p + 6 = n. Suppose 3*u - 12 = -f + 3, 0 = u - 4*f - n. List the prime factors of u.
5
Let b be 672/9 + (-16)/(-12). Let r = b - 38. List the prime factors of r.
2, 19
Let u(f) = f**2 - 7*f + 9. Let s be u(6). Suppose m - c = -s, 4*m + c = -c + 18. Let t(k) = 2*k**2 - k - 1. List the prime factors of t(m).
5
Let o = 56 + -80. What are the prime factors of (3/(-6))/(2/o)?
2, 3
Suppose -a + 8*a = 770. List the prime factors of a.
2, 5, 11
Let v(c) = c**2 + 10*c - 6. Suppose 5*t - u = -58, -9 = 4*t + 4*u + 23. List the prime factors of v(t).
5
Let v(d) = 5*d - 7. Let o(j) = -5*j + 6. Let h(m) = 4*o(m) + 5*v(m). List the prime factors of h(7).
2, 3
Suppose -27 - 96 = -5*d - 4*o, 31 = d + 4*o. Let z be ((-4)/2)/(14/(-21)). Suppose 3*w - d = -s + z*s, -3*s = 12. What are the prime factors of w?
5
What are the prime factors of (-224)/(-24) - 2/(-3)?
2, 5
Suppose -2*a + 1 = 2*h - 9, 5*a - 34 = 4*h. Let w = a - 4. List the prime factors of 11 - w/(0 + -2).
2, 3
Suppose 3*h - h + 4 = -5*w, -h - 2 = 0. Let o(z) = -7 - z + 2*z - 3*z + w. List the prime factors of o(-5).
3
Let c(y) = -y + 7. Let h be c(7). Suppose 4*r - 8 = -h. Suppose -5*u + 63 = -r. List the prime factors of u.
13
Suppose -2*u = 3*j + 8, -2*u + 0*j + j = 0. Let w be u/(3/(-6) - 0). List the prime factors of -1*(-10 + w) - -3.
11
Suppose 1 + 19 = 4*a. What are the prime factors of a + (1 - 1 - 0)?
5
Suppose -3*y - 5 = -2*y. Let a(u) = u**2 - 2*u + 1. List the prime factors of a(y).
2, 3
Let z = -4 + 6. Suppose 5*y + t - 4*t = 42, y - z = -t. What are the prime factors of y?
2, 3
Suppose 0 = -6*r + 4*r + 6. Suppose 3*t - 57 = -4*k, r*k = -3*t + 5*t - 38. List the prime factors of t.
19
Suppose 5*p = 2*p + 96. List the prime factors of p.
2
Let m(t) = t**2 - t + 3. Suppose -3*y = -2*w - 2 - 3, 4*w = 3*y + 5. List the prime factors of m(w).
23
Let v be -6 - (0 - -2)/(-2). Let x be (-1)/((-1)/(v*1)). Let c(m) = -m**3 - 6*m**2 - 5*m + 2. What are the prime factors of c(x)?
2
List the prime factors of 1/(-2)*(-75 - -1 - 0).
37
Let i = -266 + 374. List the prime factors of i.
2, 3
List the prime factors of 3 - (-2 - -9) - -10.
2, 3
Suppose 1272 = -0*u + 6*u. What are the prime factors of u?
2, 53
Let s be -1 + -1 + 36/(-6). Suppose 8 = 2*v + 2*v. What are the prime factors of 8/(-10)*(s - v)?
2
Suppose -5*l + 0*v + 65 = -4*v, -4*l = -4*v - 52. Suppose l = 5*z - 17. What are the prime factors of z?
2, 3
Let q(k) = 3*k**2 + 10*k - 11. What are the prime factors of q(5)?
2, 3, 19
Let v(r) = -r**2 + 6*r - 5. Let x be v(4). Suppose 3 + x = 3*g. What are the prime factors of g?
2
Suppose -5*z + 210 = -6*p + p, 3*p + 3*z + 120 = 0. Let y = 57 + p. What are the prime factors of y?
2
Let y be -3 + 3 + 5 + -1. Suppose -3*d = q - 8, -q + d + y*d + 48 = 0. What are the prime factors of q?
23
Suppose 2*v + 11 = 1. Let o = -7 - 0. List the prime factors of (o - v) + 10*1.
2
Suppose 3*m = -9, 2*s = s - 3*m + 42. List the prime factors of s.
3, 17
Let c = -5 - -4. Let r(p) = p + 1. Let h(d) = 11*d + 6. Let b(j) = c*h(j) + 3*r(j). List the prime factors of b(-2).
13
List the prime factors of (-75)/(-9) + (-8)/(-12).
3
Let v be (-3644)/(-6) + 4/6. Let p be ((-2)/(-4))/(8/v). Suppose -3*n = 3*t - 27, -t + p = 4*n - 10. List the prime factors of n.
13
List the prime factors of (-1 - -4) + 20/2.
13
Let x = 37 + -17. Let w = x + -12. What are the prime factors of w - 3/1 - -3?
2
Let p = -38 + 24. Let m = 0 - p. Suppose -4*a + m - 2 = 0. List the prime factors of a.
3
Let g(t) = t**3 + 9*t**2 + 7*t - 3. Let b be g(-8). Suppose b*p - 17 = 8. What are the prime factors of p?
5
Suppose 2*r - 18 = -h, 3*h - h - 48 = 2*r. List the prime factors of h.
2, 11
Suppose -2*z = -m - 10 + 4, 0 = 4*z + m - 18. Let a be -2*((-6)/z)/(-1). What are the prime factors of 3 - (a/(-3) + -2)?
2
Suppose n + 2*l - 53 = 0, -4*n - n - 5*l = -280. List the prime factors of n.
59
Suppose 4*f - 1 = -5*g, -2*f + 4*f - 14 = 2*g. Suppose 0*a = -f*a. Suppose a*x = -2*x + 18. What are the prime factors of x?
3
Let u be 1 - 3 - (-5 - -2). What are the prime factors of (1 - (-10)/2) + u?
7
Suppose 0 = -4*k + 3*p + p + 32, -2*k + 3*p + 15 = 0. Let g(z) = 4*z - k*z + 2 - 4. List the prime factors of g(-4).
2, 3
Suppose -323 = -h - 97. List the prime factors of h.
2, 113
Suppose 5*x = o - 419 - 0, x - 816 = -2*o. List the prime factors of o.
409
Let d be (-2)/5 + 51/15. Suppose 0 = 4*r - g - 3, -r - g = -2*g + d. What are the prime factors of (-1)/r + 14/4?
3
Let p(k) = 31*k**2 - k - 2. Let i be p(2). Let z = i + -70. List the prime factors of z.
2, 5
Let y be -2*(196/8 + 0). Let j = -12 - y. List the prime factors of j.
37
Let q = -7 + 12. Suppose -n = -5 - 2. Let u = n - q. List the prime factors of u.
2
Let y(w) = w**2 - w - 1. Let r = 21 + -14. Suppose -3*g + r*g = -8. What are the prime factors of y(g)?
5
List the prime factors of (118/4)/((-4 + -1)/(-10)).
59
Suppose -g = 1 + 2. Suppose 0 = 3*m - 2 - 19. What are the prime factors of g*(m/(-3) + 0)?
7
Let m be (2/3)/(2/(-6)). Let g = 3 - m. Suppose -g*x + 9 = -1. List the prime factors of x.
2
Suppose -3*h - 4*a = -2*h - 15, a = 2*h - 3. What are the prime factors of 48/9 + (-1)/h?
5
Let d = 41 - 21. Let n = d - 12. What are the prime factors of n?
2
Suppose 0 = -4*h, -3*o + 5*o = 4*h + 22. List the prime factors of o.
11
Let a = 4 - -13. Suppose -b - 4*v + a = 0, 0 = b + v - 12 - 2. List the prime factors of b.
13
Suppose 0*c - 90 = -5*c. Suppose -2*h + 5 = n - 0, -n = -h + 4. Suppose -p + h*p = c. What are the prime factors of p?
3
Let g(r) = r**2 + 4*r + 3. Let t be g(-2). Let m = t - -9. List the prime factors of m.
2
List the prime factors of 2/(-4) + 1554/28.
5, 11
Let k = -1 + 3. Suppose q + 9 = k*q. Let n = -4 + q. List the prime factors of n.
5
Suppose -v + 20 = 4*v. Suppose 5*l - 2*a = 50 + 14